{"id":253,"date":"2018-10-22T21:55:41","date_gmt":"2018-10-22T19:55:41","guid":{"rendered":"http:\/\/aquazen-design.com\/?page_id=253"},"modified":"2018-10-22T21:55:41","modified_gmt":"2018-10-22T19:55:41","slug":"mentions-legales","status":"publish","type":"page","link":"https:\/\/aquazen-design.com\/index.php\/mentions-legales\/","title":{"rendered":"Mentions L\u00e9gales"},"content":{"rendered":"<p>[vc_row][vc_column width=\u00a0\u00bb1\/1&Prime;][vc_column_text]<b>MENTIONS L\u00c9GALES<\/b><\/p>\n<p>Le site\u00a0www.aquazen-design.com\u00a0a pour objet de fournir une information concernant l\u2019ensemble des activit\u00e9s de la soci\u00e9t\u00e9.<\/p>\n<p>Les informations indiqu\u00e9es sur le site sont donn\u00e9es \u00e0 titre indicatif, et sont susceptibles d\u2019\u00e9volution. Par ailleurs, les renseignements figurant sur le site sont donn\u00e9s sous r\u00e9serve de modifications ayant \u00e9t\u00e9 apport\u00e9es depuis leur mise en ligne.<\/p>\n<p>En vertu de l&rsquo;article 6 de la loi n\u00b0 2004-575 du 21 juin 2004 pour la confiance dans l&rsquo;\u00e9conomie num\u00e9rique, il est pr\u00e9cis\u00e9 aux utilisateurs du site\u00a0www.aquazen-design.com\u00a0l&rsquo;identit\u00e9 des diff\u00e9rents intervenants dans le cadre de sa r\u00e9alisation et de son suivi.<\/p>\n<p><b>INFORMATIONS SOCI\u00c9T\u00c9 :<\/b><\/p>\n<p><b>SD CORP<\/b><\/p>\n<p>25 RUE TRONCHET<br \/>\n75008 PARIS<\/p>\n<p>R.C.S : 533\u00a0389\u00a0904 PARIS<br \/>\nN\u00b0 SIREN : 533\u00a0389\u00a0904 00038<br \/>\nCODE NAF (APE) : 4690Z<br \/>\nD\u00e9clar\u00e9 \u00e0 la CNIL sous le N\u00b0 :<span class=\"Apple-converted-space\">\u00a0<\/span><\/p>\n<p><b>INFORMATION H\u00c9BERGEUR :<\/b><\/p>\n<p><b>OVH<\/b><br \/>\n2 rue Kellermann<br \/>\n59100 Roubaix<\/p>\n<p>RCS Roubaix \u2013 Tourcoing 424 761 419 00045<br \/>\nCode APE 6202A &#8211; N\u00b0 TVA : FR 22 424 761\u00a0419<\/p>\n<p><b>GESTION DES DONN\u00c9ES PERSONNELLES :<\/b><\/p>\n<p>A l&rsquo;occasion de l&rsquo;utilisation du site et pour les besoins de certains services propos\u00e9s, des informations peuvent \u00eatres recueillies. L&rsquo;utilisateur fournit ces informations en toute connaissance de cause, notamment lorsqu&rsquo;il proc\u00e8de par lui-m\u00eame \u00e0 leur saisie.<\/p>\n<p><b>SD CORP<\/b>\u00a0s&rsquo;engage \u00e0 ne pas publier, \u00e9changer, transf\u00e9rer ou c\u00e9der \u00e0 des tiers, les informations personnelles de l&rsquo;utilisateur.<\/p>\n<p>Conform\u00e9ment \u00e0 la Loi n\u00b0 78-17 du 6 janvier 1978 relative \u00e0 l&rsquo;informatique, aux fichiers et aux libert\u00e9s, modifi\u00e9e par la loi n\u00b0 2004-801 du 6 ao\u00fbt 2004 pour la confiance dans l&rsquo;\u00e9conomie num\u00e9rique, tout utilisateur dispose d\u2019un droit d\u2019acc\u00e8s, de rectification et d\u2019opposition aux donn\u00e9es personnelles le concernant. Vous pouvez exercer ce droit par mail ou par courrier \u00e0 l&rsquo;adresse suivante :\u00a0<b>SD CORP 25 RUE TRONCHET 75008 PARIS.<\/b><\/p>\n<p><b>PROPRI\u00c9T\u00c9 INTELLECTUELLE ET CONTREFA\u00c7ONS :<\/b><\/p>\n<p>Tous droits r\u00e9serv\u00e9s. La reproduction, repr\u00e9sentation, modification, publication, adaptation de tout ou partie des \u00e9l\u00e9ments du site, quel que soit le moyen ou le proc\u00e9d\u00e9 utilis\u00e9, est formellement interdite, sauf autorisation \u00e9crite pr\u00e9alable \u00e9mise par la soci\u00e9t\u00e9\u00a0<b>SD CORP<\/b>.<\/p>\n<p>Toute exploitation non autoris\u00e9e du site ou de l\u2019un des \u00e9l\u00e9ments qu\u2019il contient sera consid\u00e9r\u00e9e comme constitutive d\u2019une contrefa\u00e7on et poursuivie conform\u00e9ment aux dispositions des articles L.335-2 et suivants du Code de Propri\u00e9t\u00e9 Intellectuelle.[\/vc_column_text][\/vc_column][\/vc_row]<\/p>\n","protected":false},"excerpt":{"rendered":"<p>[vc_row][vc_column width=\u00a0\u00bb1\/1&Prime;][vc_column_text]MENTIONS L\u00c9GALES Le site\u00a0www.aquazen-design.com\u00a0a pour objet de fournir une information concernant l\u2019ensemble des activit\u00e9s de la soci\u00e9t\u00e9. Les informations [&hellip;]<\/p>\n","protected":false},"author":1,"featured_media":0,"parent":0,"menu_order":0,"comment_status":"closed","ping_status":"closed","template":"","meta":[],"_links":{"self":[{"href":"https:\/\/aquazen-design.com\/index.php\/wp-json\/wp\/v2\/pages\/253"}],"collection":[{"href":"https:\/\/aquazen-design.com\/index.php\/wp-json\/wp\/v2\/pages"}],"about":[{"href":"https:\/\/aquazen-design.com\/index.php\/wp-json\/wp\/v2\/types\/page"}],"author":[{"embeddable":true,"href":"https:\/\/aquazen-design.com\/index.php\/wp-json\/wp\/v2\/users\/1"}],"replies":[{"embeddable":true,"href":"https:\/\/aquazen-design.com\/index.php\/wp-json\/wp\/v2\/comments?post=253"}],"version-history":[{"count":0,"href":"https:\/\/aquazen-design.com\/index.php\/wp-json\/wp\/v2\/pages\/253\/revisions"}],"wp:attachment":[{"href":"https:\/\/aquazen-design.com\/index.php\/wp-json\/wp\/v2\/media?parent=253"}],"curies":[{"name":"wp","href":"https:\/\/api.w.org\/{rel}","templated":true}]}}